{"id":12138,"date":"2020-11-11T16:51:48","date_gmt":"2020-11-11T15:51:48","guid":{"rendered":"http:\/\/www.gml.si\/wp-content\/uploads\/2020\/11\/franc_mesaric_spomin_na_ravnico_2012.jpg"},"modified":"2021-03-23T11:59:05","modified_gmt":"2021-03-23T10:59:05","slug":"franc_mesaric_spomin_na_ravnico_2012-2","status":"inherit","type":"attachment","link":"https:\/\/www.gml.si\/hu\/uj-szerzemenyek-franc-mesaric-ket-kepevel-gyarapodott-gyujtemenyunk\/franc_mesaric_spomin_na_ravnico_2012-2\/","title":{"rendered":"franc_mesaric_spomin_na_ravnico_2012"},"author":5,"featured_media":0,"comment_status":"closed","ping_status":"closed","template":"","meta":{"inline_featured_image":false},"class_list":["post-12138","attachment","type-attachment","status-inherit","hentry"],"description":{"rendered":"<p class=\"attachment\"><a href='https:\/\/www.gml.si\/wp-content\/uploads\/2020\/11\/franc_mesaric_spomin_na_ravnico_2012.jpg' data-lbwps-width=\"1200\" data-lbwps-height=\"2024\" data-lbwps-srcsmall=\"https:\/\/www.gml.si\/wp-content\/uploads\/2020\/11\/franc_mesaric_spomin_na_ravnico_2012-296x500.jpg\"><img loading=\"lazy\" decoding=\"async\" width=\"296\" height=\"500\" src=\"https:\/\/www.gml.si\/wp-content\/uploads\/2020\/11\/franc_mesaric_spomin_na_ravnico_2012-296x500.jpg\" class=\"attachment-medium size-medium\" alt=\"\" srcset=\"https:\/\/www.gml.si\/wp-content\/uploads\/2020\/11\/franc_mesaric_spomin_na_ravnico_2012-296x500.jpg 296w, https:\/\/www.gml.si\/wp-content\/uploads\/2020\/11\/franc_mesaric_spomin_na_ravnico_2012-607x1024.jpg 607w, https:\/\/www.gml.si\/wp-content\/uploads\/2020\/11\/franc_mesaric_spomin_na_ravnico_2012-768x1295.jpg 768w, https:\/\/www.gml.si\/wp-content\/uploads\/2020\/11\/franc_mesaric_spomin_na_ravnico_2012-911x1536.jpg 911w, https:\/\/www.gml.si\/wp-content\/uploads\/2020\/11\/franc_mesaric_spomin_na_ravnico_2012.jpg 1200w\" sizes=\"auto, (max-width: 296px) 100vw, 296px\" \/><\/a><\/p>\n<p>Franc Mesari\u010d: Spomin na ravnico \/ A s\u00edks\u00e1g eml\u00e9ke, 2012, olje na platnu \/ olaj, v\u00e1szon<\/p>\n"},"caption":{"rendered":"<p>Franc Mesari\u010d: Spomin na ravnico \/ A s\u00edks\u00e1g eml\u00e9ke, 2012, olje na platnu \/ olaj, v\u00e1szon<\/p>\n"},"alt_text":"","media_type":"image","mime_type":"image\/jpeg","media_details":{"width":1200,"height":2024,"file":"2020\/11\/franc_mesaric_spomin_na_ravnico_2012.jpg","sizes":{"medium":{"file":"franc_mesaric_spomin_na_ravnico_2012-296x500.jpg","width":296,"height":500,"mime_type":"image\/jpeg","source_url":"https:\/\/www.gml.si\/wp-content\/uploads\/2020\/11\/franc_mesaric_spomin_na_ravnico_2012-296x500.jpg"},"large":{"file":"franc_mesaric_spomin_na_ravnico_2012-607x1024.jpg","width":607,"height":1024,"mime_type":"image\/jpeg","source_url":"https:\/\/www.gml.si\/wp-content\/uploads\/2020\/11\/franc_mesaric_spomin_na_ravnico_2012-607x1024.jpg"},"thumbnail":{"file":"franc_mesaric_spomin_na_ravnico_2012-120x120.jpg","width":120,"height":120,"mime_type":"image\/jpeg","source_url":"https:\/\/www.gml.si\/wp-content\/uploads\/2020\/11\/franc_mesaric_spomin_na_ravnico_2012-120x120.jpg"},"medium_large":{"file":"franc_mesaric_spomin_na_ravnico_2012-768x1295.jpg","width":768,"height":1295,"mime_type":"image\/jpeg","source_url":"https:\/\/www.gml.si\/wp-content\/uploads\/2020\/11\/franc_mesaric_spomin_na_ravnico_2012-768x1295.jpg"},"1536x1536":{"file":"franc_mesaric_spomin_na_ravnico_2012-911x1536.jpg","width":911,"height":1536,"mime_type":"image\/jpeg","source_url":"https:\/\/www.gml.si\/wp-content\/uploads\/2020\/11\/franc_mesaric_spomin_na_ravnico_2012-911x1536.jpg"},"post-thumbnail":{"file":"franc_mesaric_spomin_na_ravnico_2012-940x198.jpg","width":940,"height":198,"mime_type":"image\/jpeg","source_url":"https:\/\/www.gml.si\/wp-content\/uploads\/2020\/11\/franc_mesaric_spomin_na_ravnico_2012-940x198.jpg"},"full":{"file":"franc_mesaric_spomin_na_ravnico_2012.jpg","width":1200,"height":2024,"mime_type":"image\/jpeg","source_url":"https:\/\/www.gml.si\/wp-content\/uploads\/2020\/11\/franc_mesaric_spomin_na_ravnico_2012.jpg"}},"image_meta":{"aperture":"0","credit":"","camera":"","caption":"","created_timestamp":"0","copyright":"","focal_length":"0","iso":"0","shutter_speed":"0","title":"","orientation":"0","keywords":[]}},"post":13101,"source_url":"https:\/\/www.gml.si\/wp-content\/uploads\/2020\/11\/franc_mesaric_spomin_na_ravnico_2012.jpg","_links":{"self":[{"href":"https:\/\/www.gml.si\/hu\/wp-json\/wp\/v2\/media\/12138","targetHints":{"allow":["GET"]}}],"collection":[{"href":"https:\/\/www.gml.si\/hu\/wp-json\/wp\/v2\/media"}],"about":[{"href":"https:\/\/www.gml.si\/hu\/wp-json\/wp\/v2\/types\/attachment"}],"author":[{"embeddable":true,"href":"https:\/\/www.gml.si\/hu\/wp-json\/wp\/v2\/users\/5"}],"replies":[{"embeddable":true,"href":"https:\/\/www.gml.si\/hu\/wp-json\/wp\/v2\/comments?post=12138"}],"wp:attached-to":[{"embeddable":true,"post_type":"post","id":13101,"href":"https:\/\/www.gml.si\/hu\/wp-json\/wp\/v2\/posts\/13101"}],"curies":[{"name":"wp","href":"https:\/\/api.w.org\/{rel}","templated":true}]}}

<p class="attachment"><a href='https://www.gml.si/wp-content/uploads/2020/11/franc_mesaric_spomin_na_ravnico_2012.jpg' data-lbwps-width="1200" data-lbwps-height="2024" data-lbwps-srcsmall="https://www.gml.si/wp-content/uploads/2020/11/franc_mesaric_spomin_na_ravnico_2012-296x500.jpg"><img loading="lazy" decoding="async" width="296" height="500" src="https://www.gml.si/wp-content/uploads/2020/11/franc_mesaric_spomin_na_ravnico_2012-296x500.jpg" class="attachment-medium size-medium" alt="" srcset="https://www.gml.si/wp-content/uploads/2020/11/franc_mesaric_spomin_na_ravnico_2012-296x500.jpg 296w, https://www.gml.si/wp-content/uploads/2020/11/franc_mesaric_spomin_na_ravnico_2012-607x1024.jpg 607w, https://www.gml.si/wp-content/uploads/2020/11/franc_mesaric_spomin_na_ravnico_2012-768x1295.jpg 768w, https://www.gml.si/wp-content/uploads/2020/11/franc_mesaric_spomin_na_ravnico_2012-911x1536.jpg 911w, https://www.gml.si/wp-content/uploads/2020/11/franc_mesaric_spomin_na_ravnico_2012.jpg 1200w" sizes="auto, (max-width: 296px) 100vw, 296px" /></a></p>
<p>Franc Mesarič: Spomin na ravnico / A síkság emléke, 2012, olje na platnu / olaj, vászon</p>

<p>Franc Mesarič: Spomin na ravnico / A síkság emléke, 2012, olje na platnu / olaj, vászon</p>
