{"id":12196,"date":"2011-01-31T18:49:07","date_gmt":"2011-01-31T17:49:07","guid":{"rendered":"https:\/\/www.gml.si\/gyujtemeny-zala-gyorgy-emlekszoba\/"},"modified":"2011-01-31T18:49:07","modified_gmt":"2011-01-31T17:49:07","slug":"gyujtemeny-zala-gyorgy-emlekszoba","status":"publish","type":"page","link":"https:\/\/www.gml.si\/hu\/gyujtemeny-zala-gyorgy-emlekszoba\/","title":{"rendered":"GY\u0170JTEM\u00c9NY: Zala Gy\u00f6rgy-eml\u00e9kszoba"},"content":{"rendered":"<p><strong> Zala<\/strong> <strong>Gy\u00f6rgy <\/strong><em> (1858 &#8211; 1937) &#8211; szobr\u00e1szm\u0171v\u00e9sz, Als\u00f3lendv\u00e1n sz\u00fcletett<br \/>\n<\/em><\/p>\n<div id=\"attachment_353\" style=\"width: 630px\" class=\"wp-caption alignnone\"><a href=\"https:\/\/www.gml.si\/wp-content\/uploads\/2011\/01\/02_stalne_zbirke_zala_gyorgy_01.jpg\" data-lbwps-width=\"620\" data-lbwps-height=\"413\" data-lbwps-srcsmall=\"https:\/\/www.gml.si\/wp-content\/uploads\/2011\/01\/02_stalne_zbirke_zala_gyorgy_01-500x333.jpg\" data-lbwps-caption=\"Spominska soba Gy\u00f6rgya Zale \u2022 Zala Gy\u00f6rgy-eml\u00e9kszoba \u2022 Zala Gy\u00f6rgy memorial room\"><img loading=\"lazy\" decoding=\"async\" aria-describedby=\"caption-attachment-353\" class=\" wp-image-7566   \" title=\"Spominska soba Gy\u00f6rgya Zale \u2022 Zala Gy\u00f6rgy-eml\u00e9kszoba \u2022 Zala Gy\u00f6rgy memorial room\" src=\"https:\/\/www.gml.si\/wp-content\/uploads\/2011\/01\/02_stalne_zbirke_zala_gyorgy_01.jpg\" alt=\"\" width=\"620\" height=\"413\" srcset=\"https:\/\/www.gml.si\/wp-content\/uploads\/2011\/01\/02_stalne_zbirke_zala_gyorgy_01.jpg 630w, https:\/\/www.gml.si\/wp-content\/uploads\/2011\/01\/02_stalne_zbirke_zala_gyorgy_01-500x333.jpg 500w\" sizes=\"auto, (max-width: 620px) 100vw, 620px\" \/><\/a><p id=\"caption-attachment-353\" class=\"wp-caption-text\">Zala Gy\u00f6rgy eml\u00e9kszob\u00e1ja a lendvai v\u00e1rban<\/p><\/div>\n<p>Zala Gy\u00f6rgy szobr\u00e1szm\u0171v\u00e9sz, egyik legh\u00edresebb hazafi Als\u00f3lendv\u00e1n, egy polg\u00e1ri csal\u00e1dban sz\u00fcletett (1858-1937). A sz\u00e1zadfordul\u00f3 egyik legismertebb, legtev\u00e9kenyebb \u00e9s legelsz\u00e1ntabb szobr\u00e1szm\u0171v\u00e9sze a magyar t\u00f6rt\u00e9nelem sz\u00e1mos h\u0151si, \u00e9s egy\u00fattal tragikus pillanat\u00e1t \u00e9s szem\u00e9lyis\u00e9g\u00e9t form\u00e1zta meg.<\/p>\n<p>Str\u00f3bl Alajos \u00e9s Fadrusz J\u00e1nos szobr\u00e1szm\u0171v\u00e9szekkel a magyar szobr\u00e1szm\u0171v\u00e9szetet eur\u00f3pai szintre emelte. Hossz\u00fa \u00e9s term\u00e9keny karrierje sor\u00e1n modellt \u00fclt neki Ferenc J\u00f3zsef \u00e9s feles\u00e9ge Erzs\u00e9bet is. A k\u00e9pz\u0151m\u0171v\u00e9szeti f\u0151iskola tan\u00e1ra volt, \u00e9s az akkori monarchia m\u0171v\u00e9szeti, politikai \u00e9s t\u00e1rsadalmi elitj\u00e9t mondhatta bar\u00e1tj\u00e1nak, de egy\u00fattal visszafogott \u00fariember volt.<\/p>\n<p>A legismertebb alkot\u00e1sa k\u00e9ts\u00e9gk\u00edv\u00fcl a <em>budapesti mill\u00e9niumi eml\u00e9km\u0171 a H\u0151s\u00f6k ter\u00e9n<\/em>.\u00a0<\/p>\n<hr \/>\n<h2>F\u00c9NYK\u00c9PEK A KI\u00c1LL\u00cdT\u00c1SR\u00d3L<\/h2>\n<p><a href=\"http:\/\/www.gml.si\/wp-content\/uploads\/2011\/01\/02_stalne_zbirke_zala_gyorgy_03.jpg\" data-lbwps-width=\"700\" data-lbwps-height=\"525\" data-lbwps-srcsmall=\"https:\/\/www.gml.si\/wp-content\/uploads\/2011\/01\/02_stalne_zbirke_zala_gyorgy_03-500x375.jpg\"><img loading=\"lazy\" decoding=\"async\" class=\"img-galerija alignnone size-thumbnail wp-image-490\" title=\"Spominska soba Gy\u00f6rgya Zale \u2022 Zala Gy\u00f6rgy-eml\u00e9kszoba \u2022 Zala Gy\u00f6rgy memorial room\" src=\"http:\/\/www.gml.si\/wp-content\/uploads\/2011\/01\/02_stalne_zbirke_zala_gyorgy_03-120x120.jpg\" alt=\"Spominska soba Gy\u00f6rgya Zale \u2022 Zala Gy\u00f6rgy-eml\u00e9kszoba \u2022 Zala Gy\u00f6rgy memorial room\" width=\"120\" height=\"120\" \/><\/a> <a href=\"http:\/\/www.gml.si\/wp-content\/uploads\/2011\/01\/02_stalne_zbirke_zala_gyorgy_02.jpg\" data-lbwps-width=\"700\" data-lbwps-height=\"525\" data-lbwps-srcsmall=\"https:\/\/www.gml.si\/wp-content\/uploads\/2011\/01\/02_stalne_zbirke_zala_gyorgy_02-500x375.jpg\"><img loading=\"lazy\" decoding=\"async\" class=\"img-galerija alignnone size-thumbnail wp-image-489\" title=\"Spominska soba Gy\u00f6rgya Zale \u2022 Zala Gy\u00f6rgy-eml\u00e9kszoba \u2022 Zala Gy\u00f6rgy memorial room\" src=\"http:\/\/www.gml.si\/wp-content\/uploads\/2011\/01\/02_stalne_zbirke_zala_gyorgy_02-120x120.jpg\" alt=\"Spominska soba Gy\u00f6rgya Zale \u2022 Zala Gy\u00f6rgy-eml\u00e9kszoba \u2022 Zala Gy\u00f6rgy memorial room\" width=\"120\" height=\"120\" \/><\/a> <a href=\"http:\/\/www.gml.si\/wp-content\/uploads\/2011\/01\/02_stalne_zbirke_zala_gyorgy_04.jpg\" data-lbwps-width=\"700\" data-lbwps-height=\"525\" data-lbwps-srcsmall=\"https:\/\/www.gml.si\/wp-content\/uploads\/2011\/01\/02_stalne_zbirke_zala_gyorgy_04-500x375.jpg\"><img loading=\"lazy\" decoding=\"async\" class=\"img-galerija alignnone size-thumbnail wp-image-729\" title=\"Spominska soba Gy\u00f6rgya Zale \u2022 Zala Gy\u00f6rgy-eml\u00e9kszoba \u2022 Zala Gy\u00f6rgy memorial room\" src=\"http:\/\/www.gml.si\/wp-content\/uploads\/2011\/01\/02_stalne_zbirke_zala_gyorgy_04-120x120.jpg\" alt=\"Spominska soba Gy\u00f6rgya Zale \u2022 Zala Gy\u00f6rgy-eml\u00e9kszoba \u2022 Zala Gy\u00f6rgy memorial room\" width=\"120\" height=\"120\" \/><\/a> <a href=\"http:\/\/www.gml.si\/wp-content\/uploads\/2011\/01\/02_stalne_zbirke_zala_gyorgy_05.jpg\" data-lbwps-width=\"700\" data-lbwps-height=\"525\" data-lbwps-srcsmall=\"https:\/\/www.gml.si\/wp-content\/uploads\/2011\/01\/02_stalne_zbirke_zala_gyorgy_05-500x375.jpg\"><img loading=\"lazy\" decoding=\"async\" class=\"img-galerija alignnone size-thumbnail wp-image-730\" title=\"Spominska soba Gy\u00f6rgya Zale \u2022 Zala Gy\u00f6rgy-eml\u00e9kszoba \u2022 Zala Gy\u00f6rgy memorial room\" src=\"http:\/\/www.gml.si\/wp-content\/uploads\/2011\/01\/02_stalne_zbirke_zala_gyorgy_05-120x120.jpg\" alt=\"Spominska soba Gy\u00f6rgya Zale \u2022 Zala Gy\u00f6rgy-eml\u00e9kszoba \u2022 Zala Gy\u00f6rgy memorial room\" width=\"120\" height=\"120\" \/><\/a><\/p>\n<hr \/>\n<h2>VIDE\u00d3<\/h2>\n<p><iframe loading=\"lazy\" src=\"https:\/\/www.youtube.com\/embed\/YpQhFKme09Y\" width=\"640\" height=\"360\" frameborder=\"0\" allowfullscreen=\"allowfullscreen\"><span style=\"display: inline-block; width: 0px; overflow: hidden; line-height: 0;\" data-mce-type=\"bookmark\" class=\"mce_SELRES_start\">\ufeff<\/span><span style=\"display: inline-block; width: 0px; overflow: hidden; line-height: 0;\" data-mce-type=\"bookmark\" class=\"mce_SELRES_start\">\ufeff<\/span><span style=\"display: inline-block; width: 0px; overflow: hidden; line-height: 0;\" data-mce-type=\"bookmark\" class=\"mce_SELRES_start\">\ufeff<\/span><\/iframe><\/p>\n","protected":false},"excerpt":{"rendered":"<p>Zala Gy\u00f6rgy (1858 &#8211; 1937) &#8211; szobr\u00e1szm\u0171v\u00e9sz, Als\u00f3lendv\u00e1n sz\u00fcletett Zala Gy\u00f6rgy szobr\u00e1szm\u0171v\u00e9sz, egyik legh\u00edresebb hazafi Als\u00f3lendv\u00e1n, egy polg\u00e1ri csal\u00e1dban sz\u00fcletett (1858-1937). A sz\u00e1zadfordul\u00f3 egyik legismertebb, legtev\u00e9kenyebb \u00e9s legelsz\u00e1ntabb szobr\u00e1szm\u0171v\u00e9sze a magyar t\u00f6rt\u00e9nelem sz\u00e1mos h\u0151si, \u00e9s egy\u00fattal tragikus pillanat\u00e1t \u00e9s szem\u00e9lyis\u00e9g\u00e9t &hellip; <a href=\"https:\/\/www.gml.si\/hu\/gyujtemeny-zala-gyorgy-emlekszoba\/\"><\/p>\n<p>B\u0151vebben <span class=\"meta-nav\">\u2192<\/span><\/a><\/p>\n","protected":false},"author":5,"featured_media":0,"parent":0,"menu_order":0,"comment_status":"closed","ping_status":"open","template":"","meta":{"inline_featured_image":false,"footnotes":""},"class_list":["post-12196","page","type-page","status-publish","hentry"],"_links":{"self":[{"href":"https:\/\/www.gml.si\/hu\/wp-json\/wp\/v2\/pages\/12196","targetHints":{"allow":["GET"]}}],"collection":[{"href":"https:\/\/www.gml.si\/hu\/wp-json\/wp\/v2\/pages"}],"about":[{"href":"https:\/\/www.gml.si\/hu\/wp-json\/wp\/v2\/types\/page"}],"author":[{"embeddable":true,"href":"https:\/\/www.gml.si\/hu\/wp-json\/wp\/v2\/users\/5"}],"replies":[{"embeddable":true,"href":"https:\/\/www.gml.si\/hu\/wp-json\/wp\/v2\/comments?post=12196"}],"version-history":[{"count":0,"href":"https:\/\/www.gml.si\/hu\/wp-json\/wp\/v2\/pages\/12196\/revisions"}],"wp:attachment":[{"href":"https:\/\/www.gml.si\/hu\/wp-json\/wp\/v2\/media?parent=12196"}],"curies":[{"name":"wp","href":"https:\/\/api.w.org\/{rel}","templated":true}]}}

GYŰJTEMÉNY: Zala György-emlékszoba

<p><strong> Zala</strong> <strong>György </strong><em> (1858 &#8211; 1937) &#8211; szobrászművész, Alsólendván született<br />
</em></p>
<div id="attachment_353" style="width: 630px" class="wp-caption alignnone"><a href="https://www.gml.si/wp-content/uploads/2011/01/02_stalne_zbirke_zala_gyorgy_01.jpg" data-lbwps-width="620" data-lbwps-height="413" data-lbwps-srcsmall="https://www.gml.si/wp-content/uploads/2011/01/02_stalne_zbirke_zala_gyorgy_01-500x333.jpg" data-lbwps-caption="Spominska soba Györgya Zale • Zala György-emlékszoba • Zala György memorial room"><img loading="lazy" decoding="async" aria-describedby="caption-attachment-353" class=" wp-image-7566   " title="Spominska soba Györgya Zale • Zala György-emlékszoba • Zala György memorial room" src="https://www.gml.si/wp-content/uploads/2011/01/02_stalne_zbirke_zala_gyorgy_01.jpg" alt="" width="620" height="413" srcset="https://www.gml.si/wp-content/uploads/2011/01/02_stalne_zbirke_zala_gyorgy_01.jpg 630w, https://www.gml.si/wp-content/uploads/2011/01/02_stalne_zbirke_zala_gyorgy_01-500x333.jpg 500w" sizes="auto, (max-width: 620px) 100vw, 620px" /></a><p id="caption-attachment-353" class="wp-caption-text">Zala György emlékszobája a lendvai várban</p></div>
<p>Zala György szobrászművész, egyik leghíresebb hazafi Alsólendván, egy polgári családban született (1858-1937). A századforduló egyik legismertebb, legtevékenyebb és legelszántabb szobrászművésze a magyar történelem számos hősi, és egyúttal tragikus pillanatát és személyiségét formázta meg.</p>
<p>Stróbl Alajos és Fadrusz János szobrászművészekkel a magyar szobrászművészetet európai szintre emelte. Hosszú és termékeny karrierje során modellt ült neki Ferenc József és felesége Erzsébet is. A képzőművészeti főiskola tanára volt, és az akkori monarchia művészeti, politikai és társadalmi elitjét mondhatta barátjának, de egyúttal visszafogott úriember volt.</p>
<p>A legismertebb alkotása kétségkívül a <em>budapesti milléniumi emlékmű a Hősök terén</em>. </p>
<hr />
<h2>FÉNYKÉPEK A KIÁLLÍTÁSRÓL</h2>
<p><a href="http://www.gml.si/wp-content/uploads/2011/01/02_stalne_zbirke_zala_gyorgy_03.jpg" data-lbwps-width="700" data-lbwps-height="525" data-lbwps-srcsmall="https://www.gml.si/wp-content/uploads/2011/01/02_stalne_zbirke_zala_gyorgy_03-500x375.jpg"><img loading="lazy" decoding="async" class="img-galerija alignnone size-thumbnail wp-image-490" title="Spominska soba Györgya Zale • Zala György-emlékszoba • Zala György memorial room" src="http://www.gml.si/wp-content/uploads/2011/01/02_stalne_zbirke_zala_gyorgy_03-120x120.jpg" alt="Spominska soba Györgya Zale • Zala György-emlékszoba • Zala György memorial room" width="120" height="120" /></a> <a href="http://www.gml.si/wp-content/uploads/2011/01/02_stalne_zbirke_zala_gyorgy_02.jpg" data-lbwps-width="700" data-lbwps-height="525" data-lbwps-srcsmall="https://www.gml.si/wp-content/uploads/2011/01/02_stalne_zbirke_zala_gyorgy_02-500x375.jpg"><img loading="lazy" decoding="async" class="img-galerija alignnone size-thumbnail wp-image-489" title="Spominska soba Györgya Zale • Zala György-emlékszoba • Zala György memorial room" src="http://www.gml.si/wp-content/uploads/2011/01/02_stalne_zbirke_zala_gyorgy_02-120x120.jpg" alt="Spominska soba Györgya Zale • Zala György-emlékszoba • Zala György memorial room" width="120" height="120" /></a> <a href="http://www.gml.si/wp-content/uploads/2011/01/02_stalne_zbirke_zala_gyorgy_04.jpg" data-lbwps-width="700" data-lbwps-height="525" data-lbwps-srcsmall="https://www.gml.si/wp-content/uploads/2011/01/02_stalne_zbirke_zala_gyorgy_04-500x375.jpg"><img loading="lazy" decoding="async" class="img-galerija alignnone size-thumbnail wp-image-729" title="Spominska soba Györgya Zale • Zala György-emlékszoba • Zala György memorial room" src="http://www.gml.si/wp-content/uploads/2011/01/02_stalne_zbirke_zala_gyorgy_04-120x120.jpg" alt="Spominska soba Györgya Zale • Zala György-emlékszoba • Zala György memorial room" width="120" height="120" /></a> <a href="http://www.gml.si/wp-content/uploads/2011/01/02_stalne_zbirke_zala_gyorgy_05.jpg" data-lbwps-width="700" data-lbwps-height="525" data-lbwps-srcsmall="https://www.gml.si/wp-content/uploads/2011/01/02_stalne_zbirke_zala_gyorgy_05-500x375.jpg"><img loading="lazy" decoding="async" class="img-galerija alignnone size-thumbnail wp-image-730" title="Spominska soba Györgya Zale • Zala György-emlékszoba • Zala György memorial room" src="http://www.gml.si/wp-content/uploads/2011/01/02_stalne_zbirke_zala_gyorgy_05-120x120.jpg" alt="Spominska soba Györgya Zale • Zala György-emlékszoba • Zala György memorial room" width="120" height="120" /></a></p>
<hr />
<h2>VIDEÓ</h2>
<p><iframe loading="lazy" src="https://www.youtube.com/embed/YpQhFKme09Y" width="640" height="360" frameborder="0" allowfullscreen="allowfullscreen"><span style="display: inline-block; width: 0px; overflow: hidden; line-height: 0;" data-mce-type="bookmark" class="mce_SELRES_start">﻿</span><span style="display: inline-block; width: 0px; overflow: hidden; line-height: 0;" data-mce-type="bookmark" class="mce_SELRES_start">﻿</span><span style="display: inline-block; width: 0px; overflow: hidden; line-height: 0;" data-mce-type="bookmark" class="mce_SELRES_start">﻿</span></iframe></p>

<p>Zala György (1858 &#8211; 1937) &#8211; szobrászművész, Alsólendván született Zala György szobrászművész, egyik leghíresebb hazafi Alsólendván, egy polgári családban született (1858-1937). A századforduló egyik legismertebb, legtevékenyebb és legelszántabb szobrászművésze a magyar történelem számos hősi, és egyúttal tragikus pillanatát és személyiségét &hellip; <a href="https://www.gml.si/hu/gyujtemeny-zala-gyorgy-emlekszoba/"></p>
<p>Bővebben <span class="meta-nav">→</span></a></p>
