{"id":12199,"date":"2011-01-31T18:52:19","date_gmt":"2011-01-31T17:52:19","guid":{"rendered":"https:\/\/www.gml.si\/gyujtemeny-galics-istvan-emlekszobaja-es-lepkegyujtemenye\/"},"modified":"2011-01-31T18:52:19","modified_gmt":"2011-01-31T17:52:19","slug":"gyujtemeny-galics-istvan-emlekszobaja-es-lepkegyujtemenye","status":"publish","type":"page","link":"https:\/\/www.gml.si\/hu\/gyujtemeny-galics-istvan-emlekszobaja-es-lepkegyujtemenye\/","title":{"rendered":"GY\u0170JTEM\u00c9NY: G\u00e1lics Istv\u00e1n eml\u00e9kszob\u00e1ja \u00e9s lepkegy\u0171jtem\u00e9nye"},"content":{"rendered":"<div id=\"attachment_739\" style=\"width: 137px\" class=\"wp-caption alignright\"><a href=\"http:\/\/www.gml.si\/wp-content\/uploads\/2011\/01\/galic_stefan_01.jpg\" data-lbwps-width=\"449\" data-lbwps-height=\"700\" data-lbwps-srcsmall=\"https:\/\/www.gml.si\/wp-content\/uploads\/2011\/01\/galic_stefan_01-320x500.jpg\"><img loading=\"lazy\" decoding=\"async\" aria-describedby=\"caption-attachment-739\" class=\" wp-image-739 \" title=\"\u0160tefan Gali\u010d - Galics Istv\u00e1n\" src=\"http:\/\/www.gml.si\/wp-content\/uploads\/2011\/01\/galic_stefan_01-320x500.jpg\" alt=\"\" width=\"127\" height=\"200\" \/><\/a><p id=\"caption-attachment-739\" class=\"wp-caption-text\">G\u00e1lics Istv\u00e1n<\/p><\/div>\n<p><em><strong> <\/strong><\/em> <em><strong>G\u00e1lics Istv\u00e1n <\/strong>(1944-1997) &#8211; fest\u0151m\u0171v\u00e9sz \u00e9s grafikus<\/em><\/p>\n<p>G\u00e1lics Istv\u00e1nt a sz\u0171kebb \u00e9s sz\u00e9lesebb k\u00f6rnyezet\u00e9ben f\u0151leg a grafikai tev\u00e9kenys\u00e9g\u00e9r\u0151l\u00a0 ismerik. Az elm\u00falt \u00e9vsz\u00e1zad legnevezetesebb szlov\u00e9n fametsz\u0151i k\u00f6z\u00e9 tartozik.<\/p>\n<p>Az egyedi fametszetei r\u00e9v\u00e9n sz\u00e1mos d\u00edjat \u00e9rdemelt \u00e9s elismer\u00e9st \u00e9s h\u00edrnevet kapot.<\/p>\n<p>A Lendv\u00e1n sz\u00fcletett m\u0171v\u00e9sz eml\u00e9kszob\u00e1ja 2008-ban ny\u00edlt meg, amelyben a l\u00e1togat\u00f3k a m\u0171v\u00e9sz grafik\u00e1it (a Jegyzetek \u00e9s Foszili\u00e1k sorozatb\u00f3l), valamint lepkegy\u0171jtem\u00e9ny\u00e9t tekinthetik meg. A lepkegy\u0171jtem\u00e9ny, amelyben k\u00f6zel 400 db lepke l\u00e1that\u00f3 a vil\u00e1g sz\u00e1mos t\u00e1j\u00e1r\u00f3l, a m\u0171v\u00e9sznek ihletk\u00e9nt szolg\u00e1lt.<\/p>\n<hr style=\"height: 2px; width: 100%; border: 1px solid #cccccc; color: #ffffff;\" noshade=\"noshade\" size=\"2\" \/>\n<h2>F\u00c9NYK\u00c9PEK A KI\u00c1LL\u00cdT\u00c1SR\u00d3L<\/h2>\n<p><a href=\"http:\/\/www.gml.si\/wp-content\/uploads\/2011\/01\/galic_stefan_02.jpg\" data-lbwps-width=\"448\" data-lbwps-height=\"700\" data-lbwps-srcsmall=\"https:\/\/www.gml.si\/wp-content\/uploads\/2011\/01\/galic_stefan_02-320x500.jpg\"><img loading=\"lazy\" decoding=\"async\" class=\"img-galerija alignnone size-thumbnail wp-image-740\" title=\"\u0160tefan Gali\u010d: Metulj - Lepke - Butterfly\" src=\"http:\/\/www.gml.si\/wp-content\/uploads\/2011\/01\/galic_stefan_02-120x120.jpg\" alt=\"\u0160tefan Gali\u010d: Metulj - Lepke - Butterfly\" width=\"120\" height=\"120\" \/><\/a> <a href=\"http:\/\/www.gml.si\/wp-content\/uploads\/2011\/01\/galic_stefan_03.jpg\" data-lbwps-width=\"551\" data-lbwps-height=\"700\" data-lbwps-srcsmall=\"https:\/\/www.gml.si\/wp-content\/uploads\/2011\/01\/galic_stefan_03-393x500.jpg\"><img loading=\"lazy\" decoding=\"async\" class=\"img-galerija alignnone size-thumbnail wp-image-741\" title=\"Lesorez \u0160tefana Gali\u010da - G\u00e1lics Istv\u00e1n fametszete - Woodcut by Stefan Gali\u010d\" src=\"http:\/\/www.gml.si\/wp-content\/uploads\/2011\/01\/galic_stefan_03-120x120.jpg\" alt=\"Lesorez \u0160tefana Gali\u010da - G\u00e1lics Istv\u00e1n fametszete - Woodcut by Stefan Gali\u010d\" width=\"120\" height=\"120\" \/><\/a> <a href=\"http:\/\/www.gml.si\/wp-content\/uploads\/2011\/01\/galic_stefan_04.jpg\" data-lbwps-width=\"900\" data-lbwps-height=\"550\" data-lbwps-srcsmall=\"https:\/\/www.gml.si\/wp-content\/uploads\/2011\/01\/galic_stefan_04-500x305.jpg\"><img loading=\"lazy\" decoding=\"async\" class=\"img-galerija alignnone size-thumbnail wp-image-742\" title=\"Lesorez \u0160tefana Gali\u010da - G\u00e1lics Istv\u00e1n fametszete - Woodcut by Stefan Gali\u010d\" src=\"http:\/\/www.gml.si\/wp-content\/uploads\/2011\/01\/galic_stefan_04-120x120.jpg\" alt=\"Lesorez \u0160tefana Gali\u010da - G\u00e1lics Istv\u00e1n fametszete - Woodcut by Stefan Gali\u010d\" width=\"120\" height=\"120\" \/><\/a> <a href=\"http:\/\/www.gml.si\/wp-content\/uploads\/2011\/01\/galic_stefan_05.jpg\" data-lbwps-width=\"290\" data-lbwps-height=\"700\" data-lbwps-srcsmall=\"https:\/\/www.gml.si\/wp-content\/uploads\/2011\/01\/galic_stefan_05-207x500.jpg\"><img loading=\"lazy\" decoding=\"async\" class=\"img-galerija alignnone size-thumbnail wp-image-743\" title=\"Lesorez \u0160tefana Gali\u010da - G\u00e1lics Istv\u00e1n fametszete - Woodcut by Stefan Gali\u010d\" src=\"http:\/\/www.gml.si\/wp-content\/uploads\/2011\/01\/galic_stefan_05-120x120.jpg\" alt=\"Lesorez \u0160tefana Gali\u010da - G\u00e1lics Istv\u00e1n fametszete - Woodcut by Stefan Gali\u010d\" width=\"120\" height=\"120\" \/><\/a> <a href=\"http:\/\/www.gml.si\/wp-content\/uploads\/2011\/01\/galic_stefan_06.jpg\" data-lbwps-width=\"700\" data-lbwps-height=\"525\" data-lbwps-srcsmall=\"https:\/\/www.gml.si\/wp-content\/uploads\/2011\/01\/galic_stefan_06-500x375.jpg\"><img loading=\"lazy\" decoding=\"async\" class=\"img-galerija alignnone size-thumbnail wp-image-761\" title=\"Zbirka metuljev \u0160tefana Gali\u010d - G\u00e1lics Istv\u00e1n lepkegy\u0171jtem\u00e9nye - Butterfly Collection\" src=\"http:\/\/www.gml.si\/wp-content\/uploads\/2011\/01\/galic_stefan_06-120x120.jpg\" alt=\"Zbirka metuljev \u0160tefana Gali\u010d - G\u00e1lics Istv\u00e1n lepkegy\u0171jtem\u00e9nye - Butterfly Collection\" width=\"120\" height=\"120\" \/><\/a> <a href=\"http:\/\/www.gml.si\/wp-content\/uploads\/2011\/01\/galic_stefan_07.jpg\" data-lbwps-width=\"700\" data-lbwps-height=\"525\" data-lbwps-srcsmall=\"https:\/\/www.gml.si\/wp-content\/uploads\/2011\/01\/galic_stefan_07-500x375.jpg\"><img loading=\"lazy\" decoding=\"async\" class=\"img-galerija alignnone size-thumbnail wp-image-762\" title=\"Zbirka grafik \u0160tefana Gali\u010d - G\u00e1lics Istv\u00e1n grafikagy\u0171jtem\u00e9nye - Graphic Collection\" src=\"http:\/\/www.gml.si\/wp-content\/uploads\/2011\/01\/galic_stefan_07-120x120.jpg\" alt=\"Zbirka grafik \u0160tefana Gali\u010d - G\u00e1lics Istv\u00e1n grafikagy\u0171jtem\u00e9nye - Graphic Collection\" width=\"120\" height=\"120\" \/><\/a> <a href=\"http:\/\/www.gml.si\/wp-content\/uploads\/2011\/01\/galic_stefan_08.jpg\" data-lbwps-width=\"700\" data-lbwps-height=\"525\" data-lbwps-srcsmall=\"https:\/\/www.gml.si\/wp-content\/uploads\/2011\/01\/galic_stefan_08-500x375.jpg\"><img loading=\"lazy\" decoding=\"async\" class=\"img-galerija alignnone size-thumbnail wp-image-763\" title=\"Zbirka grafik \u0160tefana Gali\u010d - G\u00e1lics Istv\u00e1n grafikagy\u0171jtem\u00e9nye - Graphic Collection\" src=\"http:\/\/www.gml.si\/wp-content\/uploads\/2011\/01\/galic_stefan_08-120x120.jpg\" alt=\"Zbirka grafik \u0160tefana Gali\u010d - G\u00e1lics Istv\u00e1n grafikagy\u0171jtem\u00e9nye - Graphic Collection\" width=\"120\" height=\"120\" \/><\/a> <a href=\"http:\/\/www.gml.si\/wp-content\/uploads\/2011\/01\/galic_stefan_09.jpg\" data-lbwps-width=\"700\" data-lbwps-height=\"525\" data-lbwps-srcsmall=\"https:\/\/www.gml.si\/wp-content\/uploads\/2011\/01\/galic_stefan_09-500x375.jpg\"><img loading=\"lazy\" decoding=\"async\" class=\"img-galerija alignnone size-thumbnail wp-image-764\" title=\"Zbirka metuljev \u0160tefana Gali\u010d - G\u00e1lics Istv\u00e1n lepkegy\u0171jtem\u00e9nye - Butterfly Collection\" src=\"http:\/\/www.gml.si\/wp-content\/uploads\/2011\/01\/galic_stefan_09-120x120.jpg\" alt=\"Zbirka metuljev \u0160tefana Gali\u010d - G\u00e1lics Istv\u00e1n lepkegy\u0171jtem\u00e9nye - Butterfly Collection\" width=\"120\" height=\"120\" \/><\/a><\/p>\n","protected":false},"excerpt":{"rendered":"<p>G\u00e1lics Istv\u00e1n (1944-1997) &#8211; fest\u0151m\u0171v\u00e9sz \u00e9s grafikus G\u00e1lics Istv\u00e1nt a sz\u0171kebb \u00e9s sz\u00e9lesebb k\u00f6rnyezet\u00e9ben f\u0151leg a grafikai tev\u00e9kenys\u00e9g\u00e9r\u0151l\u00a0 ismerik. Az elm\u00falt \u00e9vsz\u00e1zad legnevezetesebb szlov\u00e9n fametsz\u0151i k\u00f6z\u00e9 tartozik. Az egyedi fametszetei r\u00e9v\u00e9n sz\u00e1mos d\u00edjat \u00e9rdemelt \u00e9s elismer\u00e9st \u00e9s h\u00edrnevet kapot. A &hellip; <a href=\"https:\/\/www.gml.si\/hu\/gyujtemeny-galics-istvan-emlekszobaja-es-lepkegyujtemenye\/\"><\/p>\n<p>B\u0151vebben <span class=\"meta-nav\">\u2192<\/span><\/a><\/p>\n","protected":false},"author":5,"featured_media":0,"parent":0,"menu_order":0,"comment_status":"closed","ping_status":"open","template":"","meta":{"inline_featured_image":false,"footnotes":""},"class_list":["post-12199","page","type-page","status-publish","hentry"],"_links":{"self":[{"href":"https:\/\/www.gml.si\/hu\/wp-json\/wp\/v2\/pages\/12199","targetHints":{"allow":["GET"]}}],"collection":[{"href":"https:\/\/www.gml.si\/hu\/wp-json\/wp\/v2\/pages"}],"about":[{"href":"https:\/\/www.gml.si\/hu\/wp-json\/wp\/v2\/types\/page"}],"author":[{"embeddable":true,"href":"https:\/\/www.gml.si\/hu\/wp-json\/wp\/v2\/users\/5"}],"replies":[{"embeddable":true,"href":"https:\/\/www.gml.si\/hu\/wp-json\/wp\/v2\/comments?post=12199"}],"version-history":[{"count":0,"href":"https:\/\/www.gml.si\/hu\/wp-json\/wp\/v2\/pages\/12199\/revisions"}],"wp:attachment":[{"href":"https:\/\/www.gml.si\/hu\/wp-json\/wp\/v2\/media?parent=12199"}],"curies":[{"name":"wp","href":"https:\/\/api.w.org\/{rel}","templated":true}]}}

GYŰJTEMÉNY: Gálics István emlékszobája és lepkegyűjteménye

<div id="attachment_739" style="width: 137px" class="wp-caption alignright"><a href="http://www.gml.si/wp-content/uploads/2011/01/galic_stefan_01.jpg" data-lbwps-width="449" data-lbwps-height="700" data-lbwps-srcsmall="https://www.gml.si/wp-content/uploads/2011/01/galic_stefan_01-320x500.jpg"><img loading="lazy" decoding="async" aria-describedby="caption-attachment-739" class=" wp-image-739 " title="Štefan Galič - Galics István" src="http://www.gml.si/wp-content/uploads/2011/01/galic_stefan_01-320x500.jpg" alt="" width="127" height="200" /></a><p id="caption-attachment-739" class="wp-caption-text">Gálics István</p></div>
<p><em><strong> </strong></em> <em><strong>Gálics István </strong>(1944-1997) &#8211; festőművész és grafikus</em></p>
<p>Gálics Istvánt a szűkebb és szélesebb környezetében főleg a grafikai tevékenységéről  ismerik. Az elmúlt évszázad legnevezetesebb szlovén fametszői közé tartozik.</p>
<p>Az egyedi fametszetei révén számos díjat érdemelt és elismerést és hírnevet kapot.</p>
<p>A Lendván született művész emlékszobája 2008-ban nyílt meg, amelyben a látogatók a művész grafikáit (a Jegyzetek és Fosziliák sorozatból), valamint lepkegyűjteményét tekinthetik meg. A lepkegyűjtemény, amelyben közel 400 db lepke látható a világ számos tájáról, a művésznek ihletként szolgált.</p>
<hr style="height: 2px; width: 100%; border: 1px solid #cccccc; color: #ffffff;" noshade="noshade" size="2" />
<h2>FÉNYKÉPEK A KIÁLLÍTÁSRÓL</h2>
<p><a href="http://www.gml.si/wp-content/uploads/2011/01/galic_stefan_02.jpg" data-lbwps-width="448" data-lbwps-height="700" data-lbwps-srcsmall="https://www.gml.si/wp-content/uploads/2011/01/galic_stefan_02-320x500.jpg"><img loading="lazy" decoding="async" class="img-galerija alignnone size-thumbnail wp-image-740" title="Štefan Galič: Metulj - Lepke - Butterfly" src="http://www.gml.si/wp-content/uploads/2011/01/galic_stefan_02-120x120.jpg" alt="Štefan Galič: Metulj - Lepke - Butterfly" width="120" height="120" /></a> <a href="http://www.gml.si/wp-content/uploads/2011/01/galic_stefan_03.jpg" data-lbwps-width="551" data-lbwps-height="700" data-lbwps-srcsmall="https://www.gml.si/wp-content/uploads/2011/01/galic_stefan_03-393x500.jpg"><img loading="lazy" decoding="async" class="img-galerija alignnone size-thumbnail wp-image-741" title="Lesorez Štefana Galiča - Gálics István fametszete - Woodcut by Stefan Galič" src="http://www.gml.si/wp-content/uploads/2011/01/galic_stefan_03-120x120.jpg" alt="Lesorez Štefana Galiča - Gálics István fametszete - Woodcut by Stefan Galič" width="120" height="120" /></a> <a href="http://www.gml.si/wp-content/uploads/2011/01/galic_stefan_04.jpg" data-lbwps-width="900" data-lbwps-height="550" data-lbwps-srcsmall="https://www.gml.si/wp-content/uploads/2011/01/galic_stefan_04-500x305.jpg"><img loading="lazy" decoding="async" class="img-galerija alignnone size-thumbnail wp-image-742" title="Lesorez Štefana Galiča - Gálics István fametszete - Woodcut by Stefan Galič" src="http://www.gml.si/wp-content/uploads/2011/01/galic_stefan_04-120x120.jpg" alt="Lesorez Štefana Galiča - Gálics István fametszete - Woodcut by Stefan Galič" width="120" height="120" /></a> <a href="http://www.gml.si/wp-content/uploads/2011/01/galic_stefan_05.jpg" data-lbwps-width="290" data-lbwps-height="700" data-lbwps-srcsmall="https://www.gml.si/wp-content/uploads/2011/01/galic_stefan_05-207x500.jpg"><img loading="lazy" decoding="async" class="img-galerija alignnone size-thumbnail wp-image-743" title="Lesorez Štefana Galiča - Gálics István fametszete - Woodcut by Stefan Galič" src="http://www.gml.si/wp-content/uploads/2011/01/galic_stefan_05-120x120.jpg" alt="Lesorez Štefana Galiča - Gálics István fametszete - Woodcut by Stefan Galič" width="120" height="120" /></a> <a href="http://www.gml.si/wp-content/uploads/2011/01/galic_stefan_06.jpg" data-lbwps-width="700" data-lbwps-height="525" data-lbwps-srcsmall="https://www.gml.si/wp-content/uploads/2011/01/galic_stefan_06-500x375.jpg"><img loading="lazy" decoding="async" class="img-galerija alignnone size-thumbnail wp-image-761" title="Zbirka metuljev Štefana Galič - Gálics István lepkegyűjteménye - Butterfly Collection" src="http://www.gml.si/wp-content/uploads/2011/01/galic_stefan_06-120x120.jpg" alt="Zbirka metuljev Štefana Galič - Gálics István lepkegyűjteménye - Butterfly Collection" width="120" height="120" /></a> <a href="http://www.gml.si/wp-content/uploads/2011/01/galic_stefan_07.jpg" data-lbwps-width="700" data-lbwps-height="525" data-lbwps-srcsmall="https://www.gml.si/wp-content/uploads/2011/01/galic_stefan_07-500x375.jpg"><img loading="lazy" decoding="async" class="img-galerija alignnone size-thumbnail wp-image-762" title="Zbirka grafik Štefana Galič - Gálics István grafikagyűjteménye - Graphic Collection" src="http://www.gml.si/wp-content/uploads/2011/01/galic_stefan_07-120x120.jpg" alt="Zbirka grafik Štefana Galič - Gálics István grafikagyűjteménye - Graphic Collection" width="120" height="120" /></a> <a href="http://www.gml.si/wp-content/uploads/2011/01/galic_stefan_08.jpg" data-lbwps-width="700" data-lbwps-height="525" data-lbwps-srcsmall="https://www.gml.si/wp-content/uploads/2011/01/galic_stefan_08-500x375.jpg"><img loading="lazy" decoding="async" class="img-galerija alignnone size-thumbnail wp-image-763" title="Zbirka grafik Štefana Galič - Gálics István grafikagyűjteménye - Graphic Collection" src="http://www.gml.si/wp-content/uploads/2011/01/galic_stefan_08-120x120.jpg" alt="Zbirka grafik Štefana Galič - Gálics István grafikagyűjteménye - Graphic Collection" width="120" height="120" /></a> <a href="http://www.gml.si/wp-content/uploads/2011/01/galic_stefan_09.jpg" data-lbwps-width="700" data-lbwps-height="525" data-lbwps-srcsmall="https://www.gml.si/wp-content/uploads/2011/01/galic_stefan_09-500x375.jpg"><img loading="lazy" decoding="async" class="img-galerija alignnone size-thumbnail wp-image-764" title="Zbirka metuljev Štefana Galič - Gálics István lepkegyűjteménye - Butterfly Collection" src="http://www.gml.si/wp-content/uploads/2011/01/galic_stefan_09-120x120.jpg" alt="Zbirka metuljev Štefana Galič - Gálics István lepkegyűjteménye - Butterfly Collection" width="120" height="120" /></a></p>

<p>Gálics István (1944-1997) &#8211; festőművész és grafikus Gálics Istvánt a szűkebb és szélesebb környezetében főleg a grafikai tevékenységéről  ismerik. Az elmúlt évszázad legnevezetesebb szlovén fametszői közé tartozik. Az egyedi fametszetei révén számos díjat érdemelt és elismerést és hírnevet kapot. A &hellip; <a href="https://www.gml.si/hu/gyujtemeny-galics-istvan-emlekszobaja-es-lepkegyujtemenye/"></p>
<p>Bővebben <span class="meta-nav">→</span></a></p>
